ppose 94*w + 0*w = 4*w + 3600. What is the greatest common factor of w and f?
8
Suppose -2*k + 4*d + 112 = 0, -38*d = k - 43*d - 35. Let j be (-1)/((10/(-28))/5). Calculate the highest common divisor of j and k.
14
Suppose -8*k + 13*k = 86400. Suppose -97*h = -73*h - k. Calculate the highest common factor of 45 and h.
45
Let u be (2/1)/(6/(-81)). Let t = 39 + u. Calculate the highest common divisor of 20 and t.
4
Suppose -s = 3*m - 15, 40 - 35 = m - 5*s. Let i = 2 + 1. Suppose -m*d + 79 = i*p - 10*d, 0 = 3*p + d - 49. What is the greatest common factor of 2 and p?
2
Let v(w) = w + 7. Let m be v(-7). Suppose m = -0*j - j - 1. Let r = 22 + j. What is the highest common divisor of 7 and r?
7
Let w = 4279 - 4264. What is the greatest common divisor of 2265 and w?
15
Suppose 0 = -84*o - 32*o + 864200. Calculate the highest common divisor of o and 50.
50
Let f(x) = 2*x + 17. Let l be f(-5). Suppose -4*a - l*m = -3*m - 44, 0 = -2*a + m + 13. Let y be 3/2 - (-4)/a. What is the highest common factor of y and 18?
2
Let k be (-24)/(-16) + 1*(-9)/(-6). Suppose 32 = 4*x - 7*g + k*g, -4*g - 25 = -3*x. What is the greatest common factor of x and 21?
7
Let p be 21218/13 + (-19 - (-2450)/130). Calculate the greatest common factor of 102 and p.
102
Suppose 110*i - 8710 - 6250 = 0. Calculate the greatest common divisor of 80 and i.
8
Let f be 8 + 9 + (158 - -10 - -10). Calculate the highest common factor of f and 41145.
195
Let p be 10/12 - 1/(-18)*10119. Let u = p + -419. Calculate the greatest common factor of 192 and u.
48
Let q(w) = w**2 - 66*w - 3109. Let g be q(98). Suppose 2*f + 2*x - 28 = 0, -f - 5*x + 29 = -x. Calculate the highest common factor of f and g.
9
Let i = -3626 + 3745. What is the greatest common factor of 2324 and i?
7
Suppose -10*q + 1146 = -7*q - 2*s, -q = s - 392. Calculate the greatest common divisor of 4 and q.
2
Let c(l) = 18*l + 164. Let x be c(23). Let w = x + -562. What is the greatest common factor of w and 368?
16
Let d = 3605 + -3332. Calculate the greatest common factor of d and 2247.
21
Let y = 13 + -8. Let g be (-16)/(-6) - (-12)/(-18). Suppose -2*f + 0*f + 90 = g*t, -4*f + 180 = -2*t. What is the greatest common divisor of y and f?
5
Let r be (1 - 3)/(2/(-16)). Let j = -53 + 57. Suppose 171 + 21 = j*x. Calculate the highest common factor of r and x.
16
Let x = 37 - 40. Let q be (18/(-12))/(x/(-28)). Let s be -18*(q/(-4))/(-7). Calculate the greatest common divisor of s and 9.
9
Let u(b) = b**2 + 1. Let x be u(-2). Suppose -3*a + 36 = 24. Suppose 4*m - 81 = -5*t, -x*t + a*m - 11 = -60. Calculate the highest common divisor of t and 13.
13
Suppose -5*g = 4*u + 3879, -3*g - 2357 = -0*u - 5*u. Let y = g + 799. What is the greatest common divisor of y and 20?
20
Let n(b) = 209*b + 429. Let l be n(-2). Suppose 4*t - 964 - 900 = 0. Suppose -l*a = -t + 103. Calculate the greatest common divisor of a and 99.
33
Let v = 355 - 177. Suppose v = 5*n - 2*x, -n + 34 = -6*x + 4*x. Let u = -11 + 20. Calculate the highest common divisor of n and u.
9
Suppose -3240 = 32*c - 4643 - 4485. What is the greatest common factor of 1456 and c?
8
Let c be 4192/655 - (-4)/30*-3. Calculate the greatest common divisor of c and 14.
2
Suppose -3*n - 1254 = -3*h, h + 4*n - 262 = 146. What is the greatest common divisor of 13 and h?
13
Let j be 286/8 + 1/4. Suppose 0 = 26*h - 0*h - 311 + 103. What is the greatest common divisor of h and j?
4
Suppose -8*g = -2*g + 18*g - 38232. What is the greatest common factor of 236 and g?
59
Let r(s) = 2*s**3 - 33*s**2 - 17*s + 28. Let j be r(17). Calculate the greatest common factor of j and 35.
7
Suppose -7*x = -x - 318. Suppose 4*c + x = 565. Calculate the highest common divisor of 48 and c.
16
Let f = 121 + -133. Let n be 3/f + 5/4 - -13. Calculate the greatest common factor of n and 10.
2
Let r = -27433 + 46606. Calculate the highest common divisor of r and 21.
21
Let z(t) = 3*t**2 - 92*t + 1474. Let y be z(14). Calculate the highest common factor of y and 27.
9
Let f(y) = -61 - y + y**2 - 51 + y**2 + 74. Let j be f(-12). Suppose 4*i + 118 = j. What is the greatest common divisor of i and 12?
12
Let q = -15914 + 17264. Calculate the highest common factor of 1275 and q.
75
Let m be 12 - (40/(-24)*5 + 8/(-12)). What is the greatest common divisor of m and 19761?
21
Suppose -4791 = -14*x + 11085. Calculate the greatest common divisor of x and 504.
126
Suppose 0 = -71*w + 207*w - 213792. Calculate the highest common divisor of 12 and w.
12
Let c = 3860 + -3840. Calculate the greatest common divisor of c and 950.
10
Let z = -28 - -568. Suppose -136*t + 130*t + z = 0. Suppose -5*j + 12 = -3*j. Calculate the highest common divisor of t and j.
6
Suppose -47 + 105 = 2*i - 176. Calculate the greatest common divisor of 99 and i.
9
Suppose -58 = -6*t - 4. Suppose -s + 2*s = -6. Let y be ((-4)/s)/((-38)/(-57)). What is the highest common factor of y and t?
1
Suppose 0*v = -5*m + 4*v - 43, 3*v - 35 = 4*m. Let k(u) = 2*u**2 + 28*u + 77. Let r be k(m). Calculate the highest common divisor of 8 and r.
1
Let f be 4/(-1) - (-7 - -1). Suppose -3*t + f*u = -123, 5*t + 5*u - 176 = 29. Suppose -6*z + t = -193. Calculate the highest common factor of z and 26.
13
Let c(k) = 18*k - 3. Let o be c(2). Let n be (-11130)/106*(-3)/21. What is the highest common factor of o and n?
3
Let n be 9/1*5*80/72. Calculate the highest common divisor of 1430 and n.
10
Suppose 4*u - 3*a = -8*a - 12, 5*a = u - 22. Let q be 72*(u - (-1)/(10/(-15))). What is the highest common divisor of q and 1188?
36
Suppose 180*d = -640367 + 2013227. Calculate the greatest common divisor of d and 2893.
263
Suppose 5*z = 4*n - 15, 3 = -z + 4*n - 0. Let o be (z/1 + 15)*2. Let d = o + -8. What is the greatest common factor of d and 64?
16
Let z = 27 - 34. Let d be (-14)/(z/(18 + 3)). What is the greatest common factor of 21 and d?
21
Let z(a) = -4*a + 27. Let f be z(6). Let w be (6 - 220/30) + 106/f. What is the greatest common divisor of w and 442?
34
Suppose 6*w - 253 = 185. Let r = 61 - w. Let y be (-375)/r - (-2)/(-8). Calculate the greatest common divisor of 279 and y.
31
Suppose 118 = -9*u - 17. Let r be 1/((-1)/u)*(-261)/(-27). Let q = -85 + r. What is the greatest common factor of q and 12?
12
Suppose 0 = -2*j + j + 5*c + 30, 4*j = -c + 15. Let o be j - (2020/(-140) + 6/14). What is the highest common factor of 38 and o?
19
Let s = 2410 + -2149. What is the greatest common factor of 153 and s?
9
Let h be -56*(-1 - 5/2). Let k(w) = 2*w**3 + w**2 + 3*w + 4. Let q be k(-3). Let o be 759/27 - (-1 - q/45). Calculate the greatest common divisor of o and h.
28
Let h(y) = -20*y - 152. Let z be h(-8). Let s be z/(-1)*(-3 - (-345)/(-10)). Calculate the greatest common factor of s and 24.
12
Suppose 3*d + d + 5*c - 390 = 0, 4*c = -4*d + 392. Let b = -163416 - -163596. Calculate the highest common divisor of b and d.
20
Let t = 30 + 55. Let d(l) = l**3 - 9*l**2 - 12*l + 22. Let c be d(10). Let v(x) = 18*x - 2. Let u be v(c). Calculate the highest common factor of t and u.
17
Let g = 10048 + -8458. Calculate the greatest common factor of 100 and g.
10
Let l be 2*1604/8 + (-100)/10 + 5. What is the greatest common factor of 594 and l?
198
Suppose 2*r - 136 = 2*i, 2*r = -2*r - 5*i + 254. Suppose -q = -4*u + 182, -8*q + 4*q = -4*u + 200. What is the greatest common factor of u and r?
22
Let x(n) = 2*n**2 - 13*n - 52. Let q be x(-3). Suppose -c + 883 = -q*z + 8*z, 0 = 2*z - c - 587. Calculate the highest common divisor of 42 and z.
42
Let s = -16 - -20. Suppose 0 = s*w, 3*c + w - 36 = 4*w. Suppose -11*j + c*j - 23 = 0. Calculate the greatest common divisor of j and 46.
23
Let v be (6 + (-14 - -226 - -10))/(1/2). What is the greatest common factor of 2432 and v?
152
Suppose t + 16 = -2*c, -39*t - 37 = -35*t + 5*c. What is the highest common divisor of t and 1117?
1
Let d be -4 - (20/(-11) + 16/(-88)). Let h be (d + 1 + -2)*318/(-18). Let u = -41 + h. What is the greatest common divisor of u and 42?
6
Suppose 1084 - 1012 = 3*w. Suppose -w*s + 39 = -23*s. Let b(x) = 4*x - 3. Let h be b(4). What is the greatest common divisor of s and h?
13
Suppose 16 + 8 = -4*m. Let c be (3 - 0)*(-308)/m. Suppose b = 3*n - 63, -n + 7 + 27 = 4*b. What is the greatest common divisor of n and c?
22
Suppose 